 = y - m. Calculate s(b).
3
Let b(t) = 7*t**3 + t. Let y = 10 + -9. What is b(y)?
8
Let p(n) = -5*n**2 + n. Let j(a) = -a. Let v(u) = -u + 5. Let m(h) = -2*j(h) + v(h). Let g be (-3)/(-2) - (-143)/(-26). Let c be m(g). What is p(c)?
-4
Let d(m) be the third derivative of -m**6/120 + m**5/30 - m**4/12 - 2*m**3/3 + 4*m**2. Calculate d(3).
-19
Let u(j) be the second derivative of -j**5/20 + 5*j**4/12 - j**3/3 - j**2 + 2*j. Suppose -6 = -2*i - 2. Determine u(i).
6
Let b = -29 + 33. Let r(j) = -j**3 + 4*j**2 + 2. Determine r(b).
2
Let h = -5 + 9. Let g(r) = r**3 - 3*r**2 - 3*r - 3. Let x be g(h). Suppose 0 = 2*a - 2, 2*c - 6 = a + x. Let j(d) = -d + 4. Determine j(c).
0
Suppose -y - 7 = 5*q - 22, 5*q - 30 = -2*y. Let l be 1*y/(-6)*2. Let n(w) = -w**2 - 5*w - 4. Give n(l).
-4
Let f(c) = c**3 - 2*c**2 - 5*c + 4. Let w be -1 - ((-13)/(-1) - 4). Let n be (-4)/w*(6 + 4). Determine f(n).
16
Let k(x) = 5*x**3. Let q be k(1). Suppose -2*u + 2*m = -18, 0 = -q*u - 5*m - 1 - 4. Let z(w) = w**3 - 3*w**2 - 4*w + 3. Calculate z(u).
3
Let f(o) = 13 + 0*o + o - 33 + 13. Calculate f(5).
-2
Let b(r) = -r + 5. Let u(d) = d**3 - d**2 + 1. Let p(x) = 5*x**3 - 3*x**2 - 2*x + 6. Let w(g) = -p(g) + 6*u(g). Let j be w(2). Give b(j).
5
Let z(w) = 6*w + 0*w - 3*w + 7 - 4*w. Determine z(5).
2
Let n = -6 + 11. Let f(t) = n*t**2 + 4*t**3 + 11*t - 9 - 5*t**3 + 3 - 3*t. Calculate f(6).
6
Let g(x) be the second derivative of -x**4/12 + x**3 - x**2 - 5*x. Let i = -7 + 11. Suppose 5*d = -4*v + 5, -d - 8*v = -i*v + 15. Calculate g(d).
3
Let a(n) = -n + 12. Let c(w) = 1. Let l(m) = a(m) - 5*c(m). Give l(6).
1
Let p be 3/6*(12 - 0). Suppose -p*x + x = 45. Let y(h) = -7*h**3 + 6*h - 5. Let a(c) = -14*c**3 + 13*c - 11. Let b(i) = x*y(i) + 4*a(i). Calculate b(1).
6
Let c(o) be the third derivative of o**7/840 + o**6/90 + o**5/60 - o**4/8 - o**3/6 + o**2. Let v(s) be the first derivative of c(s). Determine v(-3).
0
Suppose -5*m = p - 6, -7*p - 8 = -12*p - 3*m. Let q(b) be the first derivative of -p - b + 0*b**2 + 4/3*b**3. What is q(-1)?
3
Let h(n) = -n**2 - 6*n. Let u = 99 - 105. Give h(u).
0
Let z(w) = -6*w**2 - 3 + 3*w - w**2 + 4*w**2. Let v = 24 - 22. Calculate z(v).
-9
Suppose -5*t + 5 + 10 = 0. Let a(p) = -5 - p**2 - 3 + 1 + t - 5*p. Calculate a(-3).
2
Let o(l) = -5*l + 4 - l**2 + 7 - 9. Determine o(-5).
2
Let w(u) = 4*u**2 + 1. Let c be (-162)/(-12) - (-1)/(-2). Suppose 4*l = 5*h - 4*h + 1, -3*l - c = 2*h. Determine w(l).
5
Let m be 6/(-8) + (-95)/(-20). Let b(i) = -i**2 + 3*i**2 - m + 0*i**2 + 2*i + 2 + i**3. Determine b(-2).
-6
Let n = 27 - 31. Let u(q) = 2*q + 2. Determine u(n).
-6
Let x(u) be the third derivative of -1/12*u**4 - 1/2*u**3 + 0 + 2*u**2 + 0*u. Determine x(-2).
1
Let z(t) = 2*t**2 + 2*t + 4. Let p(w) = 2*w**2 + w + 3. Let h(v) = -4*p(v) + 3*z(v). Determine h(3).
-12
Let f(z) = z + 4. Suppose -n + 4*n - 15 = 0. Let d = 4 - n. Let a be d + 3 + 3 + -9. What is f(a)?
0
Let s(b) = 2*b**3 + 2*b**2 - b - 6. Let z(g) = 5*g**3 + 5*g**2 - 2*g - 13. Let l(h) = 7*s(h) - 3*z(h). Let p be -1*2 - -1*7. Suppose p*u = 3*u. Determine l(u).
-3
Let f(r) be the first derivative of -r**3/3 + r**2 + r + 14. Give f(4).
-7
Let z be -3 - (1 + 22/(-2)). Let v(w) = -w**2 + 8*w - 4. Give v(z).
3
Let z(b) be the second derivative of b**3/6 + 32*b. Determine z(-5).
-5
Let w(k) = k**3 - 5*k**2 + k - 1. Let b be w(5). Let o(s) = 5 + 2*s - 5*s**2 - 3*s**2 + 3*s**2 + s**3 - s. Determine o(b).
-7
Let h(y) be the first derivative of y**2 + 3*y + 6. What is h(-5)?
-7
Let r(u) = -u + 9. Let p be r(13). Let m(w) = w**2 + w + 4. What is m(p)?
16
Let y = -17 + 14. Let p(s) = -2*s - 4. Let v(g) = -8*g - 16. Let n(t) = -9*p(t) + 2*v(t). Determine n(y).
-2
Let u(d) = -5*d - 2. Let y(o) = 9*o + 4. Let f(l) = -11*u(l) - 6*y(l). Calculate f(6).
4
Suppose -2*i - w = -1, -i - 4*w = w + 22. Let v(l) = l**2 - 3*l + 8*l - 1 + i. What is v(-5)?
2
Let f be 3/(-1) - (-144)/9. Let v(i) = i - 16. Let q be v(f). Let r(k) be the third derivative of -k**4/24 + k**3/2 - k**2. Calculate r(q).
6
Suppose -1 = -2*o + 1. Let f be 14/(1 + 1) + -2. Let w(j) = -1 - 2*j - j + 4*j + f*j**2. Give w(o).
5
Let p(j) = -j - 8. Let d be p(-7). Let z(r) = 2 - 1 + 15*r**2 - r - 23*r**2 + 2*r. Calculate z(d).
-8
Let c(x) = 2*x**2 - 2*x - 1. Let f = 14 - 21. Let k(g) = -g**2 - 8*g - 4. Let t be k(f). What is c(t)?
11
Let j(y) be the first derivative of -y**3/3 - 2*y + 12. What is j(2)?
-6
Let x(j) = -8*j - 13. Let z(h) = -3*h - 5. Let i(d) = 4*x(d) - 11*z(d). What is i(-5)?
-2
Let m(k) = -k**2 + 8*k + 8. Let y be m(6). Suppose y = -3*v + 3*a + 2*a, -5*v - a = -4. Let l(s) = s**3 + s**2 - s + 3. Give l(v).
3
Let t(v) = -2*v + 3. Let c(s) = 4*s - 7. Let p(f) = 2*c(f) + 5*t(f). Let n = 23 - 24. Determine p(n).
3
Let p(m) = 6*m + 18. Let r(w) = w**2 + 4*w + 5. Let o be r(-4). Let x(k) = -4*k - 12. Let j(a) = o*p(a) + 8*x(a). What is j(-5)?
4
Let f(w) = 2*w + 21. Let a(q) = -q - 8. Let u(t) = -8*a(t) - 3*f(t). Suppose 0 = 2*j - 3*j + s - 2, 0 = 2*j + 2*s + 20. Determine u(j).
-11
Let j(v) = -v**2 + 2*v + 5. Let b(h) = -1. Let m(t) = 5*b(t) + j(t). Calculate m(2).
0
Let s(n) = 6*n**3. Let b be 14/(-35) + 92/5. Suppose 2*t - 5*r + b = 0, -t - 14 - 1 = -4*r. Calculate s(t).
6
Let n(x) = -2*x + 3*x + 0*x. Let k = 0 - -1. Let t(w) = 4*w + 1. Let q(i) = k*n(i) - t(i). Determine q(2).
-7
Suppose k - 1 = -3*u - k, -3*u + 5 = -2*k. Let h(x) = 3*x + 3. Let j(s) = 4 + 0 - 5. Let r(m) = -h(m) - 3*j(m). What is r(u)?
-3
Let u(n) = -2*n + 14. Let g be u(8). Let h(b) = 2*b**2 - 2. What is h(g)?
6
Let l(s) = s**2 + 1. Let h(u) = 8*u**2 - 2*u + 2. Let w(y) = h(y) - 3*l(y). Give w(-1).
6
Let w(a) = -9*a**2 - 2*a - 1. Let i be 0 + (1 - -23)/(-2). Let h be ((-8)/i)/(2/(-3)). Calculate w(h).
-8
Let n = 29 + -32. Let w(v) = -v**3 - 5*v**2 - 2*v + 4. What is w(n)?
-8
Suppose 0 = 5*y, 3*q - 4*y - 11 = 7. Suppose i = 3 - q. Let g(v) be the third derivative of v**6/120 + v**5/15 + v**4/12 - v**3/2 + 3*v**2. Give g(i).
0
Let z(t) = -t**3 - 7*t**2 - 6*t - 1. Suppose 0 = 5*w - 19 + 49. Determine z(w).
-1
Let b(h) = -6 - 4*h**2 + 3*h + h**3 + 0*h**3 - h - 3*h. Give b(5).
14
Let t(q) = -10*q - 3. Let h be (-3)/2*4/3. Give t(h).
17
Let f(r) be the first derivative of 3*r**2 - 3*r + 6. Calculate f(4).
21
Suppose -3*c = -2*q - 7, -2*q - c = 1 + 10. Let v(g) = g**3 + 4*g**2 - 5*g - 6. Calculate v(q).
-6
Let a(h) = -h**2 - 8*h + 3. Let q(f) = -3*f**2 - 24*f + 8. Let b(s) = 11*a(s) - 4*q(s). Let o be b(-7). Let y(v) = v**2 + 4*v - 8. Calculate y(o).
4
Let x(c) = c**3 - 10*c**2 + 7*c + 9. Let g be x(9). Let z(y) = -2*y - 12. Give z(g).
6
Let u(a) be the first derivative of -a**4/24 + a**3 + a**2 + 1. Let h(s) be the second derivative of u(s). Give h(5).
1
Let v be (-5 - -3) + (-1 + 4)/(-1). Let c(j) = -j - 1. Let k(m) be the second derivative of m**4/12 - 9*m**2/2 + m. Let l(a) = -5*c(a) + k(a). Give l(v).
-4
Let h(l) = -l - 2 + 7 - 4. Calculate h(4).
-3
Let x = -82/9 - -103/9. Let s(k) be the first derivative of 5/2*k**2 - 1 + 7*k - x*k**3 + 1/4*k**4. Calculate s(6).
1
Let o(g) = -6*g + 1. Let z be 5 + 2 + 0 + -3. Suppose 2*c - 7 = -3*h - 0, -5*h = z*c - 9. Let p = 6 + c. Determine o(p).
-11
Let k = -16 - -8. Let p = 13 + k. Let r be (-4)/8 - p/2. Let y(t) = -2*t - 3. Give y(r).
3
Let u(k) = k**3 - k**2 + 0*k**2 - k + 1 - 2*k**2. Let t be u(3). Let r = t - -6. Let j(p) = -p**2 + 2*p + 5. Determine j(r).
-3
Let s(k) = -k - 8. Let u = -36 - -30. What is s(u)?
-2
Let d be 4/3 - 4/(-6). Suppose 4*x - 9*x = 0. Let s = d + x. Let v(k) = 2*k + 2. Determine v(s).
6
Let y(f) = f**3 + 7*f**2 - 17*f + 15. Let i be y(-9). Let n(o) be the second derivative of -o**5/20 + 7*o**4/12 - 7*o**3/6 + 3*o**2 + o. Determine n(i).
0
Let u(x) = -x**3 + 4*x**2 - 5*x + 13. Let j be u(4). Let g(q) = -q**2 - 3*q + 3. What is g(j)?
-25
Let l(o) be the second derivative of -o**6/360 - o**5/40 - o**4/12 + o**3/6 + 2*o. Let g(q) be the second derivative of l(q). Determine g(-5).
-12
Let a be (-6 + 5)/((-2)/10). Let q(u) = 4*u. Let j(s) = 5*s + 1. Let x(z) = -3*j(z) + 4*q(z). Calculate x(a).
2
Let l(t) = -t**3 + t**2 - t + 4. Suppose -2 - 4 = 2*d. Let v be 1 + (3 - 1) + d. Calculate l(v).
4
Suppose 5*b + 0*b = l + 13, 3*b - 15 = 3*l. Let g(m) = -3*m + 1 + 5*m - 3*m. Determine g(b).
-1
Let q(y) = -y**3 - 3*y**2 - y -